{"id":4304,"date":"2023-03-13T15:45:49","date_gmt":"2023-03-13T15:45:49","guid":{"rendered":"http:\/\/palatulnationalalcopiilor.ro\/?page_id=4304"},"modified":"2025-07-24T08:02:27","modified_gmt":"2025-07-24T08:02:27","slug":"rof","status":"publish","type":"page","link":"https:\/\/palatulnationalalcopiilor.ro\/?page_id=4304","title":{"rendered":"Acte Normative"},"content":{"rendered":"<p>[vc_row][vc_column width=&#8221;1\/2&#8243;][vc_single_image image=&#8221;4599&#8243; img_size=&#8221;full&#8221;][\/vc_column][vc_column width=&#8221;1\/2&#8243;][vc_column_text]<\/p>\n<ul>\n<li><a href=\"https:\/\/edu.ro\/sites\/default\/files\/_fi%C8%99iere\/Minister\/2023\/Legi_educatie_Romania_educata\/legi_monitor\/Legea_invatamantului_preuniversitar_nr_198.pdf\" target=\"_blank\" rel=\"noopener\">LEGEA \u00eenv\u0103\u021b\u0103m\u00e2ntului preuniversitar Nr. 198 din 5 iulie 2023<\/a><\/li>\n<li><a href=\"https:\/\/palatulnationalalcopiilor.ro\/wp-content\/uploads\/2023\/12\/ORDIN-nr.-6.224-din-4-septembrie-2023.pdf\" target=\"_blank\" rel=\"noopener\" data-saferedirecturl=\"https:\/\/www.google.com\/url?q=http:\/\/docs.google.com\/viewer?url%3Dhttp%253A%252F%252Fwww.palatulnationalalcopiilor.ro%252Fimages%252Fachizitii%252Flegislatie%252FORDIN%25205567-2011.pdf&amp;source=gmail&amp;ust=1687269001184000&amp;usg=AOvVaw1Tx60ykEOoD8afz4_Nxw-1\"><span lang=\"EN-US\">ORDIN nr. 6.224 din 4 septembrie 2023 privind aprobarea <\/span>Regulamentul de organizare \u0219i func\u021bionare ale palatelor \u0219i cluburilor copiilor<\/a><\/li>\n<li><a href=\"https:\/\/palatulnationalalcopiilor.ro\/wp-content\/uploads\/2025\/07\/Ordin-6235-Procedura-cazuri-violenta-scolara_MO-856-22-09.pdf\" target=\"_blank\" rel=\"noopener\">Ordinul 6235\/2023 pentru aprobarea Procedurii privind managementul cazurilor de violen\u021b\u0103 asupra antepre\u0219colarilor\/pre\u0219colarilor\/elevilor \u0219i personalului unit\u0103\u021bii de \u00eenv\u0103\u021b\u0103m\u00e2nt, precum \u0219i al altor situa\u021bii corelate \u00een mediul \u0219colar \u0219i al suspiciunii de violen\u021b\u0103 asupra copiilor \u00een afara mediului \u0219colar<\/a><\/li>\n<li><a href=\"https:\/\/palatulnationalalcopiilor.ro\/wp-content\/uploads\/2025\/07\/OMEC_4343_2020_norme-antibullying.pdf\" target=\"_blank\" rel=\"noopener\">Ordinul nr. 4343\/2020 privind aprobarea Normelor metodologice de aplicare a prevederilor art. 7 alin. (11), art. 561 \u015fi ale pct. 61 din anexa la Legea educa\u0163iei na\u0163ionale nr. 1\/2011, privind violen\u0163a psihologic\u0103 &#8211; bullying<\/a><\/li>\n<li><a href=\"https:\/\/palatulnationalalcopiilor.ro\/wp-content\/uploads\/2023\/12\/HOTARARE-nr.-24-din-16-ianuarie-2020.pdf\" target=\"_blank\" rel=\"noopener\" data-saferedirecturl=\"https:\/\/www.google.com\/url?q=http:\/\/docs.google.com\/viewer?url%3Dhttp%253A%252F%252Fwww.palatulnationalalcopiilor.ro%252Fimages%252Fachizitii%252Flegislatie%252FHG%252026_2017.pdf&amp;source=gmail&amp;ust=1687269001184000&amp;usg=AOvVaw29wR4eBgaplIMvEz7wNr-H\">HOT\u0102R\u00c2RE nr. 24 din 16 ianuarie 2020 privind organizarea \u0219i func\u021bionarea Ministerului Educa\u021biei \u0219i Cercet\u0103rii<\/a><\/li>\n<\/ul>\n<ul>\n<li><a href=\"https:\/\/palatulnationalalcopiilor.ro\/wp-content\/uploads\/2023\/12\/ORDONANTA-DE-URGENTA-nr.-57-din-3-iulie-2019.pdf\" target=\"_blank\" rel=\"noopener\" data-saferedirecturl=\"https:\/\/www.google.com\/url?q=http:\/\/lege5.ro\/Gratuit\/gu3dsnzs\/legea-nr-477-2004-privind-codul-de-conduita-a-personalului-contractual-din-autoritatile-si-institutiile-publice&amp;source=gmail&amp;ust=1687269001184000&amp;usg=AOvVaw1Qaxs9r-phMxaQAttZYJ8q\">ORDONAN\u0162\u0102 DE URGEN\u0162\u0102 nr. 57 din 3 iulie 2019 Legea nr. 477\/2004 privind Codul administrativ<\/a><\/li>\n<li><a href=\"http:\/\/lege5.ro\/Gratuit\/hezdgobv\/legea-nr-161-2003-privind-unele-masuri-pentru-asigurarea-transparentei-in-exercitarea-demnitatilor-publice-a-functiilor-publice-si-in-mediul-de-afaceri-prevenirea-si-sanctionarea-coruptiei\" target=\"_blank\" rel=\"noopener\" data-saferedirecturl=\"https:\/\/www.google.com\/url?q=http:\/\/lege5.ro\/Gratuit\/hezdgobv\/legea-nr-161-2003-privind-unele-masuri-pentru-asigurarea-transparentei-in-exercitarea-demnitatilor-publice-a-functiilor-publice-si-in-mediul-de-afaceri-prevenirea-si-sanctionarea-coruptiei&amp;source=gmail&amp;ust=1687269001184000&amp;usg=AOvVaw3KgPbEzQLhcZNEIyRnqnIr\">Legea nr.161\/2003 privind unele m\u0103suri pentru asigurarea transparen\u0163ei \u00een exercitarea demnit\u0103\u0163ilor publice, a func\u0163iilor publice \u015fi \u00een mediul de afaceri, prevenirea \u015fi sanc\u0163ionarea corup\u0163iei, cu modific\u0103rile \u0219i complet\u0103rile ulterioare<\/a><\/li>\n<li><a href=\"https:\/\/palatulnationalalcopiilor.ro\/wp-content\/uploads\/2023\/12\/LEGE-nr.-361-din-16-decembrie-2022.pdf\" target=\"_blank\" rel=\"noopener\" data-saferedirecturl=\"https:\/\/www.google.com\/url?q=http:\/\/lege5.ro\/Gratuit\/gu3dinrw\/legea-nr-571-2004-privind-protectia-personalului-din-autoritatile-publice-institutiile-publice-si-din-alte-unitati-care-semnaleaza-incalcari-ale-legii&amp;source=gmail&amp;ust=1687269001184000&amp;usg=AOvVaw2kV_rEJCxhZGJ1yArmM96_\">LEGE nr. 361 din 16 decembrie 2022 <span lang=\"EN-US\">privind protec\u021bia avertizorilor \u00een interes public<\/span><\/a><\/li>\n<li><a href=\"http:\/\/lege5.ro\/Gratuit\/gi2tknjqge\/legea-nr-53-2003-privind-codul-muncii\" target=\"_blank\" rel=\"noopener\" data-saferedirecturl=\"https:\/\/www.google.com\/url?q=http:\/\/lege5.ro\/Gratuit\/gi2tknjqge\/legea-nr-53-2003-privind-codul-muncii&amp;source=gmail&amp;ust=1687269001184000&amp;usg=AOvVaw2DdZWGMUcio8IQ9TBJE25r\">Legea 53\/2003 privind Codul Muncii, republicat\u0103, cu modific\u0103rile \u0219i complet\u0103rile ulterioare.<\/a><\/li>\n<\/ul>\n<ul>\n<li><a href=\"http:\/\/lege5.ro\/Gratuit\/gmztcnrq\/legea-nr-544-2001-privind-liberul-acces-la-informatiile-de-interes-public\" target=\"_blank\" rel=\"noopener\" data-saferedirecturl=\"https:\/\/www.google.com\/url?q=http:\/\/lege5.ro\/Gratuit\/gmztcnrq\/legea-nr-544-2001-privind-liberul-acces-la-informatiile-de-interes-public&amp;source=gmail&amp;ust=1687269001184000&amp;usg=AOvVaw1JB5NNVUUKOegbGO58QXuW\">Legea 544\/2001 privind liberul acces la informa\u021biile de interes public<\/a><\/li>\n<\/ul>\n<p>[\/vc_column_text][\/vc_column][\/vc_row]<\/p>\n","protected":false},"excerpt":{"rendered":"<p>[vc_row][vc_column width=&#8221;1\/2&#8243;][vc_single_image image=&#8221;4599&#8243; img_size=&#8221;full&#8221;][\/vc_column][vc_column width=&#8221;1\/2&#8243;][vc_column_text] LEGEA \u00eenv\u0103\u021b\u0103m\u00e2ntului preuniversitar Nr. 198 din 5 iulie 2023 ORDIN nr. 6.224 din 4 septembrie 2023 privind aprobarea Regulamentul de organizare \u0219i func\u021bionare ale palatelor \u0219i cluburilor copiilor Ordinul 6235\/2023 pentru aprobarea Procedurii privind managementul cazurilor de violen\u021b\u0103 asupra antepre\u0219colarilor\/pre\u0219colarilor\/elevilor \u0219i personalului unit\u0103\u021bii de \u00eenv\u0103\u021b\u0103m\u00e2nt, precum \u0219i al altor situa\u021bii [&hellip;]<\/p>\n","protected":false},"author":1,"featured_media":0,"parent":0,"menu_order":0,"comment_status":"closed","ping_status":"closed","template":"","meta":{"footnotes":""},"class_list":["post-4304","page","type-page","status-publish","hentry"],"_links":{"self":[{"href":"https:\/\/palatulnationalalcopiilor.ro\/index.php?rest_route=\/wp\/v2\/pages\/4304","targetHints":{"allow":["GET"]}}],"collection":[{"href":"https:\/\/palatulnationalalcopiilor.ro\/index.php?rest_route=\/wp\/v2\/pages"}],"about":[{"href":"https:\/\/palatulnationalalcopiilor.ro\/index.php?rest_route=\/wp\/v2\/types\/page"}],"author":[{"embeddable":true,"href":"https:\/\/palatulnationalalcopiilor.ro\/index.php?rest_route=\/wp\/v2\/users\/1"}],"replies":[{"embeddable":true,"href":"https:\/\/palatulnationalalcopiilor.ro\/index.php?rest_route=%2Fwp%2Fv2%2Fcomments&post=4304"}],"version-history":[{"count":9,"href":"https:\/\/palatulnationalalcopiilor.ro\/index.php?rest_route=\/wp\/v2\/pages\/4304\/revisions"}],"predecessor-version":[{"id":7934,"href":"https:\/\/palatulnationalalcopiilor.ro\/index.php?rest_route=\/wp\/v2\/pages\/4304\/revisions\/7934"}],"wp:attachment":[{"href":"https:\/\/palatulnationalalcopiilor.ro\/index.php?rest_route=%2Fwp%2Fv2%2Fmedia&parent=4304"}],"curies":[{"name":"wp","href":"https:\/\/api.w.org\/{rel}","templated":true}]}}