{"id":4324,"date":"2023-03-13T15:53:11","date_gmt":"2023-03-13T15:53:11","guid":{"rendered":"http:\/\/palatulnationalalcopiilor.ro\/?page_id=4324"},"modified":"2026-04-27T11:01:29","modified_gmt":"2026-04-27T11:01:29","slug":"stagiunea-palatului","status":"publish","type":"page","link":"https:\/\/palatulnationalalcopiilor.ro\/?page_id=4324","title":{"rendered":"Stagiunea Palatului"},"content":{"rendered":"<p>[vc_row][vc_column width=&#8221;2\/3&#8243;][vc_column_text]<\/p>\n<h3>An \u0219colar 2025-2026<\/h3>\n<p>[\/vc_column_text][vc_tta_tour][vc_tta_section title=&#8221;8 Mai&#8221; tab_id=&#8221;1777283537409-408f77b7-973e&#8221;][vc_single_image image=&#8221;8310&#8243; img_size=&#8221;large&#8221;][\/vc_tta_section][vc_tta_section title=&#8221;06 Martie&#8221; tab_id=&#8221;1770979852884-4ddb46c0-7596&#8243;][vc_single_image image=&#8221;8221&#8243; img_size=&#8221;large&#8221;][\/vc_tta_section][vc_tta_section title=&#8221;27 Noiembrie&#8221; tab_id=&#8221;1763021097514-a67beeba-925d&#8221;][vc_single_image image=&#8221;8129&#8243; img_size=&#8221;large&#8221;][\/vc_tta_section][vc_tta_section title=&#8221;03 Octombrie&#8221; tab_id=&#8221;1758879898744-bd13581f-6863&#8243;][vc_single_image image=&#8221;8054&#8243; img_size=&#8221;full&#8221;][\/vc_tta_section][\/vc_tta_tour][\/vc_column][vc_column width=&#8221;1\/3&#8243;][vc_single_image image=&#8221;8077&#8243; img_size=&#8221;full&#8221;][\/vc_column][\/vc_row][vc_row][vc_column width=&#8221;2\/3&#8243;][vc_column_text]<\/p>\n<h3>An \u0219colar 2024-2025<\/h3>\n<p>[\/vc_column_text][vc_tta_tour][vc_tta_section title=&#8221;9 Mai&#8221; tab_id=&#8221;1746441462466-19eb31cc-7ba2&#8243;][vc_single_image image=&#8221;7632&#8243; img_size=&#8221;large&#8221;][\/vc_tta_section][vc_tta_section title=&#8221;07 Martie&#8221; tab_id=&#8221;1739964710296-c6045126-7d7b&#8221;][vc_single_image image=&#8221;7514&#8243; img_size=&#8221;large&#8221;][\/vc_tta_section][vc_tta_section title=&#8221;29 Noiembrie&#8221; tab_id=&#8221;1731583659842-4ce3b1a1-8e83&#8243;][vc_single_image image=&#8221;7241&#8243; img_size=&#8221;large&#8221;][\/vc_tta_section][vc_tta_section title=&#8221;27 Septembrie&#8221; tab_id=&#8221;1718013196436-bf7cac5e-6dc2&#8243;][vc_single_image image=&#8221;7054&#8243; img_size=&#8221;large&#8221;][\/vc_tta_section][\/vc_tta_tour][\/vc_column][vc_column width=&#8221;1\/3&#8243;][vc_single_image image=&#8221;7126&#8243; img_size=&#8221;full&#8221;][\/vc_column][\/vc_row][vc_row][vc_column width=&#8221;2\/3&#8243;][vc_column_text]<\/p>\n<h3>An \u0219colar 2023-2024<\/h3>\n<p>[\/vc_column_text][vc_tta_tour][vc_tta_section title=&#8221;14 Iunie&#8221; tab_id=&#8221;1726825790735-7a47f9a5-0855&#8243;][vc_single_image image=&#8221;6844&#8243; img_size=&#8221;large&#8221;][\/vc_tta_section][vc_tta_section tab_id=&#8221;1726825790735-d00276ad-3131&#8243; title=&#8221;09 Mai&#8221;][vc_single_image image=&#8221;6746&#8243; img_size=&#8221;large&#8221;][\/vc_tta_section][vc_tta_section title=&#8221;07 MARTIE&#8221; tab_id=&#8221;1726825790737-af29668c-e8f3&#8243;][vc_column_text]<\/p>\n<ul>\n<li>Eveniment: Eterna prim\u0103var\u0103 \u00een dialogul artelor<\/li>\n<li>Data: 07.03.2024<\/li>\n<li>Ora: 18:00<\/li>\n<li>Intrarea liber\u0103<\/li>\n<li>Stagiunea 2023-2024\u00a0 <a role=\"link\" href=\"https:\/\/www.facebook.com\/hashtag\/lapalat?__eep__=6&amp;__cft__[0]=AZVMvi6hWkmDQ_whTnnqy4Yc5PLjbYzKbm-cgGyCpcZ2jNYXXhLgLEVvwvVjMewADeU39Rp7Txu6M54-ZklvATIqnHfiRin61pkBa5DpXzwSykE2DDttxaVi76TRLD8YmWKcKFCcTc6OIALnoDfj8THsO9N5_FtUkTWQSXtSadPP2cMIHFv1iTssi8WlyqhS76o&amp;__tn__=*NK-R\" target=\"_blank\" rel=\"noopener\">#LaPalat<\/a><\/li>\n<li>Sala Mare &#8220;George Constantin&#8221;<\/li>\n<\/ul>\n<p>[\/vc_column_text][vc_single_image image=&#8221;6376&#8243; img_size=&#8221;full&#8221;][\/vc_tta_section][vc_tta_section title=&#8221;27 NOIEMBRIE&#8221; tab_id=&#8221;1726825790737-c233f165-687e&#8221;][vc_row_inner][vc_column_inner][vc_single_image image=&#8221;5992&#8243; img_size=&#8221;full&#8221; onclick=&#8221;img_link_large&#8221;][\/vc_column_inner][\/vc_row_inner][\/vc_tta_section][vc_tta_section title=&#8221;30 SEPTEMBRIE&#8221; tab_id=&#8221;1726825790738-044d2c4b-c57f&#8221;][vc_row_inner][vc_column_inner][vc_single_image image=&#8221;5639&#8243; img_size=&#8221;full&#8221;][\/vc_column_inner][\/vc_row_inner][\/vc_tta_section][\/vc_tta_tour][\/vc_column][vc_column width=&#8221;1\/3&#8243;][vc_column_text]&nbsp;<\/p>\n<p>&nbsp;[\/vc_column_text][vc_single_image image=&#8221;6128&#8243; img_size=&#8221;full&#8221; onclick=&#8221;link_image&#8221;][\/vc_column][\/vc_row][vc_row][vc_column][vc_separator color=&#8221;orange&#8221;][vc_column_text]<\/p>\n<h3>An \u0219colar 2022-2023<\/h3>\n<p>[\/vc_column_text][\/vc_column][\/vc_row][vc_row][vc_column width=&#8221;2\/3&#8243;][vc_tta_tour][vc_tta_section title=&#8221;DECEMBRIE, 28 NOIEMBRIE&#8221; tab_id=&#8221;1682409539509-ccbe9acc-3c97&#8243;][vc_column_text]<\/p>\n<p style=\"text-align: center;\"><strong>\u00a0Ziua Na\u021bional\u0103<\/strong><\/p>\n<p>&nbsp;<\/p>\n<ul>\n<li><strong>Responsabil:\u00a0 Melnic Diana<\/strong><\/li>\n<\/ul>\n<p>[\/vc_column_text][vc_single_image image=&#8221;4594&#8243; img_size=&#8221;full&#8221;][\/vc_tta_section][vc_tta_section title=&#8221;27 IANUARIE&#8221; tab_id=&#8221;1682409539510-3a4ca975-ef8a&#8221;][vc_column_text]<\/p>\n<p style=\"text-align: center;\"><strong>Dialogul artelor<\/strong><\/p>\n<p>&nbsp;<\/p>\n<ul>\n<li><strong>Responsabil:\u00a0 Bran Cosmina<\/strong><\/li>\n<\/ul>\n<p>[\/vc_column_text][vc_single_image image=&#8221;4595&#8243; img_size=&#8221;full&#8221;][\/vc_tta_section][vc_tta_section title=&#8221;17 FEBRUARIE&#8221; tab_id=&#8221;1682409754313-9101bf40-eddd&#8221;][vc_column_text]<\/p>\n<p style=\"text-align: center;\"><strong>Portret de artist<\/strong><\/p>\n<p>&nbsp;<\/p>\n<ul>\n<li><strong>Responsabil:\u00a0 Bran Cosmina<\/strong><\/li>\n<\/ul>\n<p>[\/vc_column_text][vc_single_image image=&#8221;4593&#8243; img_size=&#8221;full&#8221;][\/vc_tta_section][vc_tta_section title=&#8221;3 MARTIE&#8221; tab_id=&#8221;1682409785442-e53d397d-9cab&#8221;][vc_column_text]<\/p>\n<p style=\"text-align: center;\"><strong>Un m\u0103r\u021bi\u0219or pentru mame<\/strong><\/p>\n<p>&nbsp;<\/p>\n<ul>\n<li><strong>Responsabil:\u00a0 Florescu Mihaela<\/strong><\/li>\n<\/ul>\n<p>[\/vc_column_text][\/vc_tta_section][vc_tta_section title=&#8221;6 APRILIE&#8221; tab_id=&#8221;1682409788652-e9caa604-94fa&#8221;][vc_column_text]<\/p>\n<p style=\"text-align: center;\"><strong>Ziua interna\u021bional\u0103 a sportului<\/strong><\/p>\n<p>&nbsp;<\/p>\n<ul>\n<li><strong>Responsabil:\u00a0 Florescu Mihaela<\/strong><\/li>\n<\/ul>\n<p>[\/vc_column_text][vc_single_image image=&#8221;4596&#8243; img_size=&#8221;full&#8221;][\/vc_tta_section][vc_tta_section title=&#8221;9 MAI&#8221; tab_id=&#8221;1682409792053-9afa7c66-48fd&#8221;][vc_column_text]<\/p>\n<p style=\"text-align: center;\"><strong>Valorile Palatului &#8211; valori Europene<\/strong><\/p>\n<p>&nbsp;<\/p>\n<ul>\n<li><strong>Responsabil:\u00a0 Bran Cosmina<\/strong><\/li>\n<\/ul>\n<p>[\/vc_column_text][vc_single_image image=&#8221;4597&#8243; img_size=&#8221;full&#8221;][\/vc_tta_section][vc_tta_section title=&#8221;9 IUNIE&#8221; tab_id=&#8221;1682409795083-30e62619-4b17&#8243;][vc_column_text]<\/p>\n<p style=\"text-align: center;\"><strong>Feerie la Palat<\/strong><\/p>\n<p>&nbsp;<\/p>\n<ul>\n<li><strong>Responsabil:\u00a0 Melnic Diana<\/strong><\/li>\n<\/ul>\n<p>[\/vc_column_text][vc_single_image image=&#8221;4607&#8243; img_size=&#8221;full&#8221;][\/vc_tta_section][\/vc_tta_tour][\/vc_column][vc_column width=&#8221;1\/3&#8243;][vc_single_image image=&#8221;4422&#8243; img_size=&#8221;large&#8221;][\/vc_column][\/vc_row]<\/p>\n","protected":false},"excerpt":{"rendered":"<p>[vc_row][vc_column width=&#8221;2\/3&#8243;][vc_column_text] An \u0219colar 2025-2026 [\/vc_column_text][vc_tta_tour][vc_tta_section title=&#8221;8 Mai&#8221; tab_id=&#8221;1777283537409-408f77b7-973e&#8221;][vc_single_image image=&#8221;8310&#8243; img_size=&#8221;large&#8221;][\/vc_tta_section][vc_tta_section title=&#8221;06 Martie&#8221; tab_id=&#8221;1770979852884-4ddb46c0-7596&#8243;][vc_single_image image=&#8221;8221&#8243; img_size=&#8221;large&#8221;][\/vc_tta_section][vc_tta_section title=&#8221;27 Noiembrie&#8221; tab_id=&#8221;1763021097514-a67beeba-925d&#8221;][vc_single_image image=&#8221;8129&#8243; img_size=&#8221;large&#8221;][\/vc_tta_section][vc_tta_section title=&#8221;03 Octombrie&#8221; tab_id=&#8221;1758879898744-bd13581f-6863&#8243;][vc_single_image image=&#8221;8054&#8243; img_size=&#8221;full&#8221;][\/vc_tta_section][\/vc_tta_tour][\/vc_column][vc_column width=&#8221;1\/3&#8243;][vc_single_image image=&#8221;8077&#8243; img_size=&#8221;full&#8221;][\/vc_column][\/vc_row][vc_row][vc_column width=&#8221;2\/3&#8243;][vc_column_text] An \u0219colar 2024-2025 [\/vc_column_text][vc_tta_tour][vc_tta_section title=&#8221;9 Mai&#8221; tab_id=&#8221;1746441462466-19eb31cc-7ba2&#8243;][vc_single_image image=&#8221;7632&#8243; img_size=&#8221;large&#8221;][\/vc_tta_section][vc_tta_section title=&#8221;07 Martie&#8221; tab_id=&#8221;1739964710296-c6045126-7d7b&#8221;][vc_single_image image=&#8221;7514&#8243; img_size=&#8221;large&#8221;][\/vc_tta_section][vc_tta_section title=&#8221;29 Noiembrie&#8221; tab_id=&#8221;1731583659842-4ce3b1a1-8e83&#8243;][vc_single_image image=&#8221;7241&#8243; img_size=&#8221;large&#8221;][\/vc_tta_section][vc_tta_section title=&#8221;27 Septembrie&#8221; tab_id=&#8221;1718013196436-bf7cac5e-6dc2&#8243;][vc_single_image image=&#8221;7054&#8243; img_size=&#8221;large&#8221;][\/vc_tta_section][\/vc_tta_tour][\/vc_column][vc_column width=&#8221;1\/3&#8243;][vc_single_image [&hellip;]<\/p>\n","protected":false},"author":1,"featured_media":0,"parent":0,"menu_order":0,"comment_status":"closed","ping_status":"closed","template":"","meta":{"footnotes":""},"class_list":["post-4324","page","type-page","status-publish","hentry"],"_links":{"self":[{"href":"https:\/\/palatulnationalalcopiilor.ro\/index.php?rest_route=\/wp\/v2\/pages\/4324","targetHints":{"allow":["GET"]}}],"collection":[{"href":"https:\/\/palatulnationalalcopiilor.ro\/index.php?rest_route=\/wp\/v2\/pages"}],"about":[{"href":"https:\/\/palatulnationalalcopiilor.ro\/index.php?rest_route=\/wp\/v2\/types\/page"}],"author":[{"embeddable":true,"href":"https:\/\/palatulnationalalcopiilor.ro\/index.php?rest_route=\/wp\/v2\/users\/1"}],"replies":[{"embeddable":true,"href":"https:\/\/palatulnationalalcopiilor.ro\/index.php?rest_route=%2Fwp%2Fv2%2Fcomments&post=4324"}],"version-history":[{"count":30,"href":"https:\/\/palatulnationalalcopiilor.ro\/index.php?rest_route=\/wp\/v2\/pages\/4324\/revisions"}],"predecessor-version":[{"id":8311,"href":"https:\/\/palatulnationalalcopiilor.ro\/index.php?rest_route=\/wp\/v2\/pages\/4324\/revisions\/8311"}],"wp:attachment":[{"href":"https:\/\/palatulnationalalcopiilor.ro\/index.php?rest_route=%2Fwp%2Fv2%2Fmedia&parent=4324"}],"curies":[{"name":"wp","href":"https:\/\/api.w.org\/{rel}","templated":true}]}}

<p>[vc_row][vc_column width=&#8221;2/3&#8243;][vc_column_text]</p>
<h3>An școlar 2025-2026</h3>
<p>[/vc_column_text][vc_tta_tour][vc_tta_section title=&#8221;8 Mai&#8221; tab_id=&#8221;1777283537409-408f77b7-973e&#8221;][vc_single_image image=&#8221;8310&#8243; img_size=&#8221;large&#8221;][/vc_tta_section][vc_tta_section title=&#8221;06 Martie&#8221; tab_id=&#8221;1770979852884-4ddb46c0-7596&#8243;][vc_single_image image=&#8221;8221&#8243; img_size=&#8221;large&#8221;][/vc_tta_section][vc_tta_section title=&#8221;27 Noiembrie&#8221; tab_id=&#8221;1763021097514-a67beeba-925d&#8221;][vc_single_image image=&#8221;8129&#8243; img_size=&#8221;large&#8221;][/vc_tta_section][vc_tta_section title=&#8221;03 Octombrie&#8221; tab_id=&#8221;1758879898744-bd13581f-6863&#8243;][vc_single_image image=&#8221;8054&#8243; img_size=&#8221;full&#8221;][/vc_tta_section][/vc_tta_tour][/vc_column][vc_column width=&#8221;1/3&#8243;][vc_single_image image=&#8221;8077&#8243; img_size=&#8221;full&#8221;][/vc_column][/vc_row][vc_row][vc_column width=&#8221;2/3&#8243;][vc_column_text]</p>
<h3>An școlar 2024-2025</h3>
<p>[/vc_column_text][vc_tta_tour][vc_tta_section title=&#8221;9 Mai&#8221; tab_id=&#8221;1746441462466-19eb31cc-7ba2&#8243;][vc_single_image image=&#8221;7632&#8243; img_size=&#8221;large&#8221;][/vc_tta_section][vc_tta_section title=&#8221;07 Martie&#8221; tab_id=&#8221;1739964710296-c6045126-7d7b&#8221;][vc_single_image image=&#8221;7514&#8243; img_size=&#8221;large&#8221;][/vc_tta_section][vc_tta_section title=&#8221;29 Noiembrie&#8221; tab_id=&#8221;1731583659842-4ce3b1a1-8e83&#8243;][vc_single_image image=&#8221;7241&#8243; img_size=&#8221;large&#8221;][/vc_tta_section][vc_tta_section title=&#8221;27 Septembrie&#8221; tab_id=&#8221;1718013196436-bf7cac5e-6dc2&#8243;][vc_single_image image=&#8221;7054&#8243; img_size=&#8221;large&#8221;][/vc_tta_section][/vc_tta_tour][/vc_column][vc_column width=&#8221;1/3&#8243;][vc_single_image image=&#8221;7126&#8243; img_size=&#8221;full&#8221;][/vc_column][/vc_row][vc_row][vc_column width=&#8221;2/3&#8243;][vc_column_text]</p>
<h3>An școlar 2023-2024</h3>
<p>[/vc_column_text][vc_tta_tour][vc_tta_section title=&#8221;14 Iunie&#8221; tab_id=&#8221;1726825790735-7a47f9a5-0855&#8243;][vc_single_image image=&#8221;6844&#8243; img_size=&#8221;large&#8221;][/vc_tta_section][vc_tta_section tab_id=&#8221;1726825790735-d00276ad-3131&#8243; title=&#8221;09 Mai&#8221;][vc_single_image image=&#8221;6746&#8243; img_size=&#8221;large&#8221;][/vc_tta_section][vc_tta_section title=&#8221;07 MARTIE&#8221; tab_id=&#8221;1726825790737-af29668c-e8f3&#8243;][vc_column_text]</p>
<ul>
<li>Eveniment: Eterna primăvară în dialogul artelor</li>
<li>Data: 07.03.2024</li>
<li>Ora: 18:00</li>
<li>Intrarea liberă</li>
<li>Stagiunea 2023-2024  <a role="link" href="https://www.facebook.com/hashtag/lapalat?__eep__=6&amp;__cft__[0]=AZVMvi6hWkmDQ_whTnnqy4Yc5PLjbYzKbm-cgGyCpcZ2jNYXXhLgLEVvwvVjMewADeU39Rp7Txu6M54-ZklvATIqnHfiRin61pkBa5DpXzwSykE2DDttxaVi76TRLD8YmWKcKFCcTc6OIALnoDfj8THsO9N5_FtUkTWQSXtSadPP2cMIHFv1iTssi8WlyqhS76o&amp;__tn__=*NK-R" target="_blank" rel="noopener">#LaPalat</a></li>
<li>Sala Mare &#8220;George Constantin&#8221;</li>
</ul>
<p>[/vc_column_text][vc_single_image image=&#8221;6376&#8243; img_size=&#8221;full&#8221;][/vc_tta_section][vc_tta_section title=&#8221;27 NOIEMBRIE&#8221; tab_id=&#8221;1726825790737-c233f165-687e&#8221;][vc_row_inner][vc_column_inner][vc_single_image image=&#8221;5992&#8243; img_size=&#8221;full&#8221; onclick=&#8221;img_link_large&#8221;][/vc_column_inner][/vc_row_inner][/vc_tta_section][vc_tta_section title=&#8221;30 SEPTEMBRIE&#8221; tab_id=&#8221;1726825790738-044d2c4b-c57f&#8221;][vc_row_inner][vc_column_inner][vc_single_image image=&#8221;5639&#8243; img_size=&#8221;full&#8221;][/vc_column_inner][/vc_row_inner][/vc_tta_section][/vc_tta_tour][/vc_column][vc_column width=&#8221;1/3&#8243;][vc_column_text]&nbsp;</p>
<p>&nbsp;[/vc_column_text][vc_single_image image=&#8221;6128&#8243; img_size=&#8221;full&#8221; onclick=&#8221;link_image&#8221;][/vc_column][/vc_row][vc_row][vc_column][vc_separator color=&#8221;orange&#8221;][vc_column_text]</p>
<h3>An școlar 2022-2023</h3>
<p>[/vc_column_text][/vc_column][/vc_row][vc_row][vc_column width=&#8221;2/3&#8243;][vc_tta_tour][vc_tta_section title=&#8221;DECEMBRIE, 28 NOIEMBRIE&#8221; tab_id=&#8221;1682409539509-ccbe9acc-3c97&#8243;][vc_column_text]</p>
<p style="text-align: center;"><strong> Ziua Națională</strong></p>
<p>&nbsp;</p>
<ul>
<li><strong>Responsabil:  Melnic Diana</strong></li>
</ul>
<p>[/vc_column_text][vc_single_image image=&#8221;4594&#8243; img_size=&#8221;full&#8221;][/vc_tta_section][vc_tta_section title=&#8221;27 IANUARIE&#8221; tab_id=&#8221;1682409539510-3a4ca975-ef8a&#8221;][vc_column_text]</p>
<p style="text-align: center;"><strong>Dialogul artelor</strong></p>
<p>&nbsp;</p>
<ul>
<li><strong>Responsabil:  Bran Cosmina</strong></li>
</ul>
<p>[/vc_column_text][vc_single_image image=&#8221;4595&#8243; img_size=&#8221;full&#8221;][/vc_tta_section][vc_tta_section title=&#8221;17 FEBRUARIE&#8221; tab_id=&#8221;1682409754313-9101bf40-eddd&#8221;][vc_column_text]</p>
<p style="text-align: center;"><strong>Portret de artist</strong></p>
<p>&nbsp;</p>
<ul>
<li><strong>Responsabil:  Bran Cosmina</strong></li>
</ul>
<p>[/vc_column_text][vc_single_image image=&#8221;4593&#8243; img_size=&#8221;full&#8221;][/vc_tta_section][vc_tta_section title=&#8221;3 MARTIE&#8221; tab_id=&#8221;1682409785442-e53d397d-9cab&#8221;][vc_column_text]</p>
<p style="text-align: center;"><strong>Un mărțișor pentru mame</strong></p>
<p>&nbsp;</p>
<ul>
<li><strong>Responsabil:  Florescu Mihaela</strong></li>
</ul>
<p>[/vc_column_text][/vc_tta_section][vc_tta_section title=&#8221;6 APRILIE&#8221; tab_id=&#8221;1682409788652-e9caa604-94fa&#8221;][vc_column_text]</p>
<p style="text-align: center;"><strong>Ziua internațională a sportului</strong></p>
<p>&nbsp;</p>
<ul>
<li><strong>Responsabil:  Florescu Mihaela</strong></li>
</ul>
<p>[/vc_column_text][vc_single_image image=&#8221;4596&#8243; img_size=&#8221;full&#8221;][/vc_tta_section][vc_tta_section title=&#8221;9 MAI&#8221; tab_id=&#8221;1682409792053-9afa7c66-48fd&#8221;][vc_column_text]</p>
<p style="text-align: center;"><strong>Valorile Palatului &#8211; valori Europene</strong></p>
<p>&nbsp;</p>
<ul>
<li><strong>Responsabil:  Bran Cosmina</strong></li>
</ul>
<p>[/vc_column_text][vc_single_image image=&#8221;4597&#8243; img_size=&#8221;full&#8221;][/vc_tta_section][vc_tta_section title=&#8221;9 IUNIE&#8221; tab_id=&#8221;1682409795083-30e62619-4b17&#8243;][vc_column_text]</p>
<p style="text-align: center;"><strong>Feerie la Palat</strong></p>
<p>&nbsp;</p>
<ul>
<li><strong>Responsabil:  Melnic Diana</strong></li>
</ul>
<p>[/vc_column_text][vc_single_image image=&#8221;4607&#8243; img_size=&#8221;full&#8221;][/vc_tta_section][/vc_tta_tour][/vc_column][vc_column width=&#8221;1/3&#8243;][vc_single_image image=&#8221;4422&#8243; img_size=&#8221;large&#8221;][/vc_column][/vc_row]</p>

<p>[vc_row][vc_column width=&#8221;2/3&#8243;][vc_column_text] An școlar 2025-2026 [/vc_column_text][vc_tta_tour][vc_tta_section title=&#8221;8 Mai&#8221; tab_id=&#8221;1777283537409-408f77b7-973e&#8221;][vc_single_image image=&#8221;8310&#8243; img_size=&#8221;large&#8221;][/vc_tta_section][vc_tta_section title=&#8221;06 Martie&#8221; tab_id=&#8221;1770979852884-4ddb46c0-7596&#8243;][vc_single_image image=&#8221;8221&#8243; img_size=&#8221;large&#8221;][/vc_tta_section][vc_tta_section title=&#8221;27 Noiembrie&#8221; tab_id=&#8221;1763021097514-a67beeba-925d&#8221;][vc_single_image image=&#8221;8129&#8243; img_size=&#8221;large&#8221;][/vc_tta_section][vc_tta_section title=&#8221;03 Octombrie&#8221; tab_id=&#8221;1758879898744-bd13581f-6863&#8243;][vc_single_image image=&#8221;8054&#8243; img_size=&#8221;full&#8221;][/vc_tta_section][/vc_tta_tour][/vc_column][vc_column width=&#8221;1/3&#8243;][vc_single_image image=&#8221;8077&#8243; img_size=&#8221;full&#8221;][/vc_column][/vc_row][vc_row][vc_column width=&#8221;2/3&#8243;][vc_column_text] An școlar 2024-2025 [/vc_column_text][vc_tta_tour][vc_tta_section title=&#8221;9 Mai&#8221; tab_id=&#8221;1746441462466-19eb31cc-7ba2&#8243;][vc_single_image image=&#8221;7632&#8243; img_size=&#8221;large&#8221;][/vc_tta_section][vc_tta_section title=&#8221;07 Martie&#8221; tab_id=&#8221;1739964710296-c6045126-7d7b&#8221;][vc_single_image image=&#8221;7514&#8243; img_size=&#8221;large&#8221;][/vc_tta_section][vc_tta_section title=&#8221;29 Noiembrie&#8221; tab_id=&#8221;1731583659842-4ce3b1a1-8e83&#8243;][vc_single_image image=&#8221;7241&#8243; img_size=&#8221;large&#8221;][/vc_tta_section][vc_tta_section title=&#8221;27 Septembrie&#8221; tab_id=&#8221;1718013196436-bf7cac5e-6dc2&#8243;][vc_single_image image=&#8221;7054&#8243; img_size=&#8221;large&#8221;][/vc_tta_section][/vc_tta_tour][/vc_column][vc_column width=&#8221;1/3&#8243;][vc_single_image [&hellip;]</p>
